the remainder when 143 is divided by 7?
3
What is the remainder when 20512 is divided by 21?
16
Calculate the remainder when 171 is divided by 44.
39
Calculate the remainder when 2514 is divided by 180.
174
What is the remainder when 312 is divided by 53?
47
What is the remainder when 177 is divided by 117?
60
What is the remainder when 1230 is divided by 33?
9
Calculate the remainder when 707 is divided by 6.
5
Calculate the remainder when 1737 is divided by 86.
17
What is the remainder when 312 is divided by 107?
98
What is the remainder when 41 is divided by 41?
0
Calculate the remainder when 283 is divided by 19.
17
Calculate the remainder when 804 is divided by 62.
60
Calculate the remainder when 623 is divided by 10.
3
Calculate the remainder when 122 is divided by 42.
38
What is the remainder when 665 is divided by 108?
17
What is the remainder when 3455 is divided by 27?
26
What is the remainder when 310 is divided by 35?
30
Calculate the remainder when 117 is divided by 30.
27
Calculate the remainder when 678 is divided by 334.
10
What is the remainder when 545 is divided by 86?
29
What is the remainder when 52 is divided by 14?
10
Calculate the remainder when 38 is divided by 27.
11
Calculate the remainder when 14035 is divided by 270.
265
What is the remainder when 1278 is divided by 19?
5
What is the remainder when 95 is divided by 36?
23
Calculate the remainder when 1313 is divided by 8.
1
What is the remainder when 95 is divided by 6?
5
Calculate the remainder when 690 is divided by 143.
118
What is the remainder when 599 is divided by 12?
11
Calculate the remainder when 392 is divided by 390.
2
Calculate the remainder when 371 is divided by 76.
67
What is the remainder when 1556 is divided by 65?
61
What is the remainder when 564 is divided by 105?
39
What is the remainder when 2391 is divided by 13?
12
What is the remainder when 1725 is divided by 44?
9
Calculate the remainder when 165 is divided by 56.
53
What is the remainder when 1832 is divided by 608?
8
Calculate the remainder when 43 is divided by 17.
9
What is the remainder when 1978 is divided by 35?
18
What is the remainder when 740 is divided by 737?
3
Calculate the remainder when 446 is divided by 42.
26
Calculate the remainder when 3952 is divided by 59.
58
What is the remainder when 2303 is divided by 55?
48
Calculate the remainder when 2468 is divided by 143.
37
What is the remainder when 5309 is divided by 90?
89
Calculate the remainder when 114 is divided by 9.
6
What is the remainder when 4373 is divided by 54?
53
What is the remainder when 162 is divided by 19?
10
What is the remainder when 6429 is divided by 67?
64
Calculate the remainder when 548 is divided by 127.
40
Calculate the remainder when 34 is divided by 15.
4
What is the remainder when 259 is divided by 11?
6
Calculate the remainder when 309 is divided by 78.
75
What is the remainder when 167 is divided by 24?
23
What is the remainder when 50 is divided by 14?
8
What is the remainder when 2779 is divided by 348?
343
What is the remainder when 2677 is divided by 134?
131
Calculate the remainder when 4625 is divided by 193.
186
What is the remainder when 285 is divided by 30?
15
Calculate the remainder when 84 is divided by 24.
12
What is the remainder when 2157 is divided by 2149?
8
Calculate the remainder when 5460 is divided by 127.
126
What is the remainder when 28 is divided by 22?
6
Calculate the remainder when 965 is divided by 88.
85
Calculate the remainder when 361 is divided by 35.
11
Calculate the remainder when 2475 is divided by 2454.
21
What is the remainder when 1932 is divided by 119?
28
Calculate the remainder when 71 is divided by 58.
13
What is the remainder when 6209 is divided by 115?
114
Calculate the remainder when 174 is divided by 29.
0
What is the remainder when 145 is divided by 38?
31
Calculate the remainder when 1185 is divided by 44.
41
What is the remainder when 14277 is divided by 84?
81
Calculate the remainder when 107 is divided by 6.
5
Calculate the remainder when 181 is divided by 26.
25
What is the remainder when 226 is divided by 105?
16
What is the remainder when 977 is divided by 14?
11
What is the remainder when 1260 is divided by 606?
48
Calculate the remainder when 112 is divided by 17.
10
What is the remainder when 379 is divided by 279?
100
What is the remainder when 4716 is divided by 16?
12
Calculate the remainder when 105 is divided by 12.
9
Calculate the remainder when 600 is divided by 50.
0
What is the remainder when 233 is divided by 124?
109
What is the remainder when 9 is divided by 3?
0
What is the remainder when 557 is divided by 28?
25
Calculate the remainder when 599 is divided by 20.
19
Calculate the remainder when 170 is divided by 21.
2
What is the remainder when 913 is divided by 25?
13
Calculate the remainder when 1172 is divided by 51.
50
What is the remainder when 5558 is divided by 103?
99
Calculate the remainder when 8903 is divided by 24.
23
What is the remainder when 1004 is divided by 49?
24
What is the remainder when 1120 is divided by 60?
40
Calculate the remainder when 792 is divided by 288.
216
Calculate the remainder when 142 is divided by 8.
6
Calculate the remainder when 45 is divided by 29.
16
Calculate the remainder when 55 is divided by 17.
4
Calculate the remainder when 651 is divided by 159.
15
What is the remainder when 335 is divided by 18?
11
What is the remainder when 1795 is divided by 100?
95
Calculate the remainder when 141 is divided by 91.
50
Calculate the remainder when 8363 is divided by 178.
175
Calculate the remainder when 432 is divided by 12.
0
Calculate the remainder when 67 is divided by 15.
7
What is the remainder when 156 is divided by 33?
24
What is the remainder when 901 is divided by 41?
40
Calculate the remainder when 463 is divided by 188.
87
Calculate the remainder when 700 is divided by 5.
0
Calculate the remainder when 440 is divided by 224.
216
Calculate the remainder when 81 is divided by 28.
25
Calculate the remainder when 494 is divided by 55.
54
Calculate the remainder when 634 is divided by 154.
18
What is the remainder when 52856 is divided by 13?
11
Calculate the remainder when 544 is divided by 39.
37
Calculate the remainder when 599 is divided by 6.
5
What is the remainder when 4579 is divided by 131?
125
Calculate the remainder when 508 is divided by 43.
35
What is the remainder when 388 is divided by 56?
52
Calculate the remainder when 434 is divided by 210.
14
What is the remainder when 215 is divided by 87?
41
Calculate the remainder when 242 is divided by 35.
32
What is the remainder when 97 is divided by 36?
25
What is the remainder when 2417 is divided by 48?
17
Calculate the remainder when 72 is divided by 2.
0
What is the remainder when 31 is divided by 29?
2
Calculate the remainder when 186 is divided by 47.
45
Calculate the remainder when 3383 is divided by 1687.
9
What is the remainder when 447 is divided by 40?
7
Calculate the remainder when 37 is divided by 11.
4
What is the remainder when 622 is divided by 160?
142
What is the remainder when 623 is divided by 39?
38
Calculate the remainder when 157 is divided by 20.
17
Calculate the remainder when 276 is divided by 56.
52
What is the remainder when 2622 is divided by 4?
2
Calculate the remainder when 11521 is divided by 17.
12
Calculate the remainder when 764 is divided by 15.
14
Calculate the remainder when 394 is divided by 10.
4
Calculate the remainder when 1263 is divided by 631.
1
What is the remainder when 3309 is divided by 17?
11
What is the remainder when 222 is divided by 68?
18
Calculate the remainder when 1797 is divided by 443.
25
Calculate the remainder when 2119 is divided by 22.
7
What is the remainder when 601 is divided by 296?
9
What is the remainder when 1151 is divided by 94?
23
Calculate the remainder when 113 is divided by 30.
23
Calculate the remainder when 212 is divided by 31.
26
Calculate the remainder when 7830 is divided by 97.
70
Calculate the remainder when 272 is divided by 23.
19
Calculate the remainder when 594 is divided by 85.
84
Calculate the remainder when 783 is divided by 260.
3
What is the remainder when 229 is divided by 44?
9
Calculate the remainder when 2345 is divided b